highest common factor of 91 and l?
7
Let b = -7433 + 7458. Calculate the greatest common factor of 620 and b.
5
Let s = 14 - -1. Let z be (-18 + 17)*(-16)/(-1). Let o = z + 19. What is the highest common factor of o and s?
3
Let f = -297 - -513. Let o(z) = 117*z - 1026. Let b be o(9). Calculate the greatest common divisor of f and b.
27
Suppose 0 = 16*q - 1464 - 56. Let i = q - 52. What is the highest common factor of i and 344?
43
Let f(i) = 5*i**3 + 51*i**2 - 42*i + 16. Let b be f(-10). What is the highest common divisor of 128 and b?
8
Suppose 3514 + 3549 = 2*m - 5843. What is the greatest common divisor of m and 27?
27
Let l(g) = 113*g + 2040. Let f be l(-18). Let k be ((-222)/8)/((-1)/4). Let j = k - 63. What is the highest common factor of f and j?
6
Let p = 8323 + -10249. Suppose 54 = -5*n + a - 0*a, 4*a - 46 = 3*n. Let c be p/(-21) + 9/((-315)/n). What is the greatest common divisor of c and 23?
23
Let j = 306 + -336. Let c(y) = -13*y - 345. Let z be c(j). What is the greatest common divisor of 5 and z?
5
Suppose 2*b = 75*j - 72*j + 510, -276 = -b + 5*j. Calculate the greatest common divisor of 132 and b.
6
Let l be 272/340*230/1. Calculate the highest common divisor of l and 644.
92
Let d(w) = 4*w**2 + 11*w + 8. Let l be d(6). Let x = l - 182. Calculate the greatest common divisor of 20 and x.
4
Let y(o) = -2*o**3 - 158*o**2 - 310*o - 44. Let l be y(-77). What is the greatest common divisor of 410 and l?
10
Suppose 41*i - 38*i - 3 = 0. Let c be ((-15)/20 - 477/(-12))/i. What is the highest common divisor of c and 21?
3
Let c(u) = -u**3 - 4*u**2 - 8*u + 10. Let b be c(-5). Suppose -b*z + 888 = -69*z. What is the greatest common factor of z and 4?
4
Let h be 181 + (22 - 4)/(-6). Let k = -123 + h. What is the greatest common factor of 15 and k?
5
Suppose 464*f - 630 = 429*f. Calculate the highest common factor of 63 and f.
9
Suppose 28*c - 18*c - 2450 = 0. Calculate the highest common divisor of 63 and c.
7
Suppose -4*s = 5*x - 807, -206*s = -204*s + 5*x - 391. What is the highest common divisor of s and 104?
104
Let s be 5/90*9*6. Suppose 2*c - 1310 = 2*h, -2625 = -10*c + 6*c + s*h. Calculate the greatest common factor of 88 and c.
44
Suppose -8 = -8*c, 5*f - c - 14760 = 113174. What is the highest common factor of f and 9?
9
Suppose -64471 = -6*s - 2*t + 31301, 2*s - t = 31924. Calculate the highest common factor of s and 184.
46
Suppose -2*m + 2*u + 1546 = -0*u, -4*m + 2*u = -3086. Suppose 0 = -2*x, -5*k + x = -m - 665. What is the highest common factor of k and 82?
41
Let j be 16 + (-272)/17 - (-735 - 1). Calculate the greatest common divisor of j and 768.
32
Suppose 4*a - 245 - 278 = p, -5*a + 2*p + 656 = 0. Let m be (312/(-6) + 6)/((-1)/(-5)). Let l = m + 256. Calculate the greatest common divisor of a and l.
26
Suppose 15*v + 14*v = -174. Let p(y) = 9*y + 138. Let s be p(v). Let h(z) = z**2 + 3*z + 3. Let j be h(3). What is the highest common factor of j and s?
21
Let p(c) = -c**3 + 7*c**2 - 5*c + 1. Let f be p(6). Let k be ((-192)/128)/((-3)/4). What is the greatest common factor of f and k?
1
Let b(p) = -12*p + 135. Let o be b(7). What is the highest common divisor of 493 and o?
17
Let s = -569 - -585. Suppose -18 = 3*h + 12. Let i be (64/h)/(5/(-50)). Calculate the highest common divisor of s and i.
16
Suppose 0 = -n - 4, 675 + 505 = 4*b - n. Suppose -2027*i = -2029*i + 84. Calculate the highest common factor of i and b.
42
Suppose -2*z + 715 = a + 706, -4*z + a + 21 = 0. What is the greatest common factor of z and 255?
5
Let a(x) = 0 + 10*x**2 + 8 + 16*x + 6 - 2*x - x**3. Let r be a(10). Suppose 0 = 9*b - 170 - r. Calculate the highest common divisor of 90 and b.
18
Let u(z) = 2*z**2 - 19*z + 26. Let l be u(8). Let w = -1 + 0. Let y = w + 23. Calculate the highest common factor of l and y.
2
Suppose 0 = -13*q + 1267 + 1775. Let b = q + 723. Calculate the greatest common factor of 33 and b.
33
Let n be (68/(-3))/(132/(-594)). Calculate the greatest common divisor of 10353 and n.
51
Suppose 46629 - 275781 = -132*l. Calculate the highest common divisor of 651 and l.
217
Suppose -3*i - i = -4*w + 412, 3*w + 4*i - 309 = 0. Suppose 18 = w*p - 100*p. What is the greatest common divisor of 36 and p?
6
Let i(p) = -p**3 + p**2 + 2*p + 2. Suppose -10*y + y + 45 = 0. Let n be i(y). Let m be (6/(-12))/((6/n)/3). What is the highest common factor of 110 and m?
22
Let t(c) = -11*c**2 - 355*c - 5. Let z be t(-7). Calculate the highest common divisor of 15 and z.
3
Let x = 84 - 76. Suppose x*l + 306 = 9*l + 5*a, -1200 = -4*l + 4*a. Calculate the greatest common divisor of 43 and l.
43
Suppose -6*u + 702 = 1914. Let v = -187 - u. Calculate the highest common divisor of v and 195.
15
Suppose -1661 + 5621 = 44*s. Calculate the highest common factor of s and 33570.
90
Suppose 0 = -2*k + 542 + 64. What is the greatest common divisor of k and 33?
3
Let l = 3660 + -3647. Calculate the highest common divisor of 11531 and l.
13
Let w be (1 + -2667)/(242/(-484)). What is the greatest common divisor of 62 and w?
62
Let u(f) be the second derivative of 5*f**4/6 - 13*f**3/3 + 17*f**2/2 + 9*f. Let d be u(7). Calculate the greatest common factor of d and 26.
13
Let w = -3385 + 3506. Calculate the greatest common divisor of 2783 and w.
121
Let n(t) = 3*t - 9. Let l be n(8). Suppose 6*a - 5*a = 3. Suppose -1 + 3 = -i + 3*b, 5*i = -a*b + 62. Calculate the highest common factor of i and l.
5
Suppose -114*m + 99*m = -330780. What is the highest common factor of m and 148?
148
Let o = 6887 + -6718. Let v = -98 + 189. What is the highest common divisor of o and v?
13
Let z be (34/(6 + -7))/((-4)/14). Let d(f) = -f**3 + 6*f**2 - f + 13. Let a be d(6). What is the highest common divisor of z and a?
7
Suppose 9*k = 11 + 115. Suppose 14*r = 13*r + 336. What is the highest common factor of k and r?
14
Suppose 4*x - 32 = -p, -5*p - 3*x + 88 = -7*x. Let o be 138/8 + 15/p. What is the highest common divisor of 234 and o?
18
Let r be (-1096)/10 - 3/(15/2). Let b = r - -118. What is the greatest common divisor of b and 1?
1
Suppose 0*a - 3*a = 5*t - 4, -4*a + 4*t = -16. Suppose -6*u = -a - 3. Let z be (1/u - 3)*(-2 - 66). Calculate the highest common factor of z and 17.
17
Let s be 1/((-6)/(-891)) - (1 + (-35)/14). What is the greatest common divisor of s and 40?
10
Let o(g) = -4*g**3 - g**2 - 3*g - 1. Let q = -2 + 1. Let t be o(q). Suppose 30 = t*b - 5*x, -b = 3*x - 18 + 4. What is the highest common divisor of b and 2?
2
Let x(b) = -b**3 + 14*b**2 + 16*b - 68. Let n be x(14). What is the greatest common divisor of 8268 and n?
156
Suppose 0 = -25*d + 255 + 195. Let i = -36 + 126. What is the greatest common divisor of d and i?
18
Let j be (-7 - (2 - 4)) + 1265. Suppose 11*b + 9*b - j = 0. What is the highest common divisor of 45 and b?
9
Let q(o) = -2*o**2 + 20*o + 59. Let n be q(14). Let y = 64 + n. Calculate the highest common divisor of y and 11.
11
Let l = -58 + 68. Suppose -4181 + 11481 = l*q. Calculate the greatest common factor of q and 10.
10
Suppose -44*x + 4310 = -13950. Let h = x + -406. Suppose v + 1 = -d + 5, 0 = 2*v - 5*d + 13. What is the greatest common divisor of h and v?
1
Suppose 4 - 36 = -16*a. Let d be (-10)/15*(-10 - -1)*a. Calculate the highest common factor of d and 8.
4
Let d(j) be the third derivative of j**5/30 + 3*j**4/8 + 19*j**3/6 - 2*j**2. Let k be d(-6). Let n = k - 15. Calculate the greatest common factor of n and 176.
22
Suppose -1046 + 248 = -3*o. Suppose -5*t - 4*w = -o, 68 + 97 = 3*t - 3*w. Let k(i) = -5*i + 1. Let u be k(-7). What is the highest common factor of u and t?
18
Let r = 35 - 333. Let j = 307 + r. What is the greatest common factor of j and 333?
9
Let i = 3208 - 2518. Calculate the highest common factor of i and 6670.
230
Suppose 3*v - 5*v - 330 = 2*d, -2*v + 2 = 0. Let q = 177 + d. Let m = 117 - 29. What is the greatest common divisor of m and q?
11
Let g(y) = -46*y + 64. Let l be g(-6). Let f = l + -279. Calculate the greatest common factor of f and 488.
61
Let w(n) = -2*n + 2349. Let q be w(108). What is the highest common factor of 18 and q?
9
Let w = 736 + -401. Suppose -r + 148 = 4*h, -2*r + w = -2*h + 79. Calculate the greatest common divisor of r and 12.
12
Let j be -1*(1 - (-75)/18)*-6. Calculate the highest com